 = 75 - j. Suppose -o + 63 = c. What is the units digit of o?
4
Let i = -3741 - -5705. Suppose -i = -3*t - t. What is the units digit of t?
1
Suppose 5*s - 117 = 408. Suppose -s*k + 108*k - 210 = 0. What is the tens digit of k?
7
Let b = 7562 + -4382. What is the hundreds digit of b/54*3*(-9)/(-6)?
2
Suppose 0*x - 330 = -33*x. What is the tens digit of ((207*x)/(-1))/(-2)?
3
Suppose 4*v - 144 = 6*v. Let f = v + 60. What is the units digit of 3*((-4)/(-48) + (-3)/f)?
1
Suppose 0 = q - 6, -4*b + 96354 = 113*q - 110*q. What is the tens digit of b?
8
What is the units digit of -14 + 1 + 14381 + 30?
8
Suppose n + 14 = -3*j + 4*j, -2*n - 8 = 0. Suppose l = -4*l - j, -3*a + 4*l + 14 = 0. What is the units digit of 40 - (a - (5 - 3))?
0
Let q = -410 + 456. What is the units digit of -3 + (-31)/((12/q)/(-6))?
0
Let l(x) = 109*x - 109*x + x**2 + 3. Let i be l(0). Suppose i*y - 35 = -2*h, -2*y + 5 = h - 13. What is the units digit of h?
6
Let h(z) = -3763*z + 4541. What is the tens digit of h(-11)?
3
Suppose -3519 = -3*d - p, -3*p = 3*d - 2861 - 658. What is the thousands digit of d?
1
Let o(g) = g**3 - 19*g**2 + 15*g + 19. Let x be o(18). Let l(q) = q**3 + 35*q**2 - 14*q + 20. What is the hundreds digit of l(x)?
5
What is the units digit of ((-142)/6)/(((-2)/(-68))/(1215/(-270)))?
1
Suppose -5*h = -7*h + 8. Let o be -2 + (h - 0) - -481 - -1. Suppose 4 = 4*j - o. What is the hundreds digit of j?
1
Let d(q) = -19 - 22 - 2*q**2 + 3*q**2 - 6*q. Let v be 3/7 - (-14985)/(-2331). What is the tens digit of d(v)?
3
Let d(s) = 23*s - 22. Let c be 17/(-3) + ((-70)/(-15) - 4). Let a(q) = 23*q - 22. Let x(o) = c*d(o) + 6*a(o). What is the units digit of x(4)?
0
Let x(r) = 1003*r**2 - 4*r - 3. Let t be x(-1). Let w = -611 + t. What is the units digit of w?
3
Suppose 476172 = 14*f - 2*f - 28392. What is the ten thousands digit of f?
4
Let x(i) = -9*i**3 + 4*i**2 - 5*i + 12. Let l be x(5). What is the tens digit of (-1)/(6/l) + 0/2?
7
Let z(a) = -a**2 + a + 2. Let s(o) = 165*o**2 - 5*o - 10. Let u(l) = s(l) + 4*z(l). What is the units digit of u(2)?
0
Let y be (2 - 22)*-1*(-2)/(-5). Let o(g) = g**2 + 15*g - 1. What is the units digit of o(y)?
3
Suppose 0 = 3*p + 6*r - 52281, -4*p - 1151 = -4*r - 70907. What is the hundreds digit of p?
4
Suppose -2480698 - 2229570 = -586*b. What is the hundreds digit of b?
0
Suppose -9*l = 12*l - 5*l. Suppose 2*q + 3*i - 707 = l, -2*q + 2*i + 337 = -385. What is the hundreds digit of q?
3
Let t(v) = 764*v + 9546. What is the tens digit of t(57)?
9
Suppose 209545 = -38*m + 1413874 + 357623. What is the hundreds digit of m?
1
Suppose 33*r - 46*r = 3510. What is the tens digit of r*(60/(-25) - -2)?
0
Suppose -3*b - 158 = -26. Let u be (-2)/(-8) - (-11)/b. Suppose u = 5*m + 4*i - 671, -4*m - i + 496 + 32 = 0. What is the units digit of m?
1
Let a(c) = -21 - 3*c + 8 - 5. Let m be a(-7). Suppose m*s = 10*s - 812. What is the tens digit of s?
1
Suppose -57*n + 12 = -61*n. What is the units digit of n*((-560)/6 - -4)*1?
8
What is the hundreds digit of (-4)/(-32)*50994 - (-15)/20?
3
Let s = 8 + -74. Let f = 58 + s. Let m(u) = u**2 - 8*u - 10. What is the hundreds digit of m(f)?
1
What is the thousands digit of (-185706)/(-12)*(2 + 20/(-15))?
0
Let c = -906 - -1667. Suppose -5*y + c = 11. Suppose -8*o = -2*o - y. What is the tens digit of o?
2
Let s = 1530 - -2391. What is the units digit of s?
1
What is the ten thousands digit of 7/((-385)/(-10)) + 134455/55*6?
1
Let v(q) = -q**2 + 8*q + 30. Let h be v(11). Let y be (-4 + -13)/(h/(-3)). What is the tens digit of (-11)/(-3 - 50/y)?
8
Suppose 0 = -2*v + 302 + 34. Suppose -v = -5*y + 302. Let c = -52 + y. What is the units digit of c?
2
Let x(z) = 57*z**2 + 17*z + 21. Let j be (32/(-72) + (-6)/27)*6. What is the hundreds digit of x(j)?
8
What is the units digit of 82 - 76 - (39/6)/((-2)/3404)?
9
Suppose 0 = -5*i + 8 + 12. Let d(y) = 5*y**3 - y + 3. What is the hundreds digit of d(i)?
3
Suppose -45 = -10*f + 15. Let u be (-1)/f*2 + 100/(-15). What is the tens digit of (85*1)/((-4)/(3 + u))?
8
Let v = -40030 - -84249. What is the ten thousands digit of v?
4
Suppose 7*w - 3*w - 16 = 0. Let q be (-418)/(0 - (w + 0 - 3)). Suppose -h - h - q = -3*a, 4*h - 660 = -5*a. What is the units digit of a?
6
Suppose 5*y = -5*u + 25135, 2*u - 3*y - 4067 - 5997 = 0. What is the hundreds digit of u?
0
Let l = 5 + -96. Let r = 199 + l. Suppose 2*h = -7*s + 3*s + r, 0 = 5*h + 5*s - 270. What is the tens digit of h?
5
Suppose -9 = 3*o - 24. Suppose -5*m + 65 = -3*z, -z + o = m - 0. Suppose 2*i - 3*c - 208 = 0, 2*i - 212 = -5*c + m*c. What is the units digit of i?
1
Let x = 25027 + -11995. What is the tens digit of x?
3
Suppose -129*s + 3616873 = -18*s - 280004. What is the tens digit of s?
0
Suppose 5*z - 2*o = z - 48, 3*o + 12 = 0. Let b = z + 56. What is the tens digit of ((-18)/(-4))/((-4)/(-6 - b))?
5
Suppose 4*n - 1208 - 19490 = -2*z, -3*n - 10319 = -z. What is the ten thousands digit of z?
1
Suppose 2*z - 2435 = -5*d + z, -4*z - 2410 = -5*d. Suppose -24*h + 22*h + d = 0. What is the tens digit of h?
4
Let w(g) = 2027*g + 5458. What is the hundreds digit of w(17)?
9
Let w be 558/27 - (1 - (-21)/(-9)). Suppose w*l + 393 = 11503. What is the units digit of l?
5
Let d(m) = -7*m**2 + 8*m - 28. Let q = 11 + -17. Let w(r) = -13*r**2 + 17*r - 55. Let n(c) = q*w(c) + 11*d(c). What is the units digit of n(15)?
7
Suppose 0 = 27*o - 47*o + 27*o - 55279. What is the units digit of o?
7
Suppose r + 0 - 3 = -5*u, 2*r - 5*u = 6. Suppose -134 - 52 = -r*b. What is the tens digit of b?
6
Suppose -35*n = 46*n + 37*n - 3037792. What is the ten thousands digit of n?
2
What is the tens digit of (-48519)/(7 + 2)*(3 - (9 + -5))?
9
Suppose 3*j = c + 5867, -5*c = -15*j + 11*j + 7830. Suppose -1385 = 3*i - j. What is the hundreds digit of i?
1
Suppose -9*l = 3*c - 8*l - 111559, -2*c + 74396 = -4*l. Suppose 28*g = c - 2160. What is the tens digit of g?
5
Let f(v) = -v**3 + 8*v**2 - 9*v + 6. Let j be f(7). Let u = 11 + j. Suppose -u*p - 32 = -305. What is the tens digit of p?
9
Let k(s) = -13*s**3 - 20*s**2 - 169*s - 34. What is the thousands digit of k(-10)?
2
Let f = 417 - 403. Suppose -f*j = -5909 - 5081. What is the hundreds digit of j?
7
Let i(a) = a**2 + 3. Let l(g) = 4*g**2 - 9*g - 3. Let b(d) = 5*i(d) - l(d). What is the units digit of b(-10)?
8
Let g = 160 + -157. Suppose -632 = -m - 4*u - 184, 3*u = -g*m + 1344. What is the hundreds digit of m?
4
Let b(c) = -57*c**3 - c**2 + 2*c + 2. Let x be b(-1). What is the hundreds digit of (-50 + x)/(3/274)?
5
Let w be 1487 + 1 - (-5 + 5). Suppose -354*f + w = -352*f. What is the hundreds digit of f?
7
Suppose 10*g + 0*b - 316560 = 6*g - b, 4*b = 0. What is the ten thousands digit of g?
7
Suppose 7*j + g = 2*g + 33564, 0 = j + 4*g - 4770. What is the units digit of j?
4
Suppose 2*w - 3*h - 33 + 183 = 0, 5*h - 304 = 4*w. Let v = 171 + w. What is the tens digit of v?
9
Let q be (-2 - (-19 + 3))*17/34. What is the hundreds digit of q - (536 + -4)/(-2)?
2
Let r = 207 - 209. What is the tens digit of 0 - (r + -1 + -1) - -240?
4
Let j = -5636 - -11559. What is the units digit of j?
3
Let o = 124 - 137. What is the units digit of (o/4 - (-6)/24) + 285?
2
Let i(n) = 339*n**2 + 81*n - 622. What is the tens digit of i(7)?
5
Let o be ((-12)/16)/((-4)/76384). Suppose 0 = -66*t + 77*t - o. What is the hundreds digit of t?
3
Suppose 36*g - 31*g = 0. Suppose -5*w + 0*w + 5*a = -225, 2*a + 10 = g. What is the units digit of 5 + -7 - (-2 - w)?
0
Suppose 7*v + 56 - 168 = 0. Let s be 33 + -2 + 10/2. What is the units digit of (-21)/(-4) + (2 - s/v)?
5
Suppose 3*o = 3*a - 134970, 4*a + 3*o - 130200 = 49802. What is the units digit of a?
6
Let i(y) be the second derivative of y**5/20 - 4*y**4/3 - 11*y**3/6 + 9*y**2 - 25*y. What is the tens digit of i(17)?
2
Let q = 1414 - -1250. Suppose 32*k - q = 6168. What is the units digit of k?
6
Let k(l) = -14*l - 4. Let q be k(2). Let j(r) = r**3 + 11*r**2 - r - 7. Let c be j(3). Let i = c + q. What is the tens digit of i?
8
Let y(h) = 1236*h**2 - 453*h + 3676. What is the ten thousands digit of y(8)?
7
Suppose 2*q = 2*g - 6*g + 344, -795 = -5*q + 3*g. Suppose -q = -0*m + m. What is the tens digit of m*((-5)/(-10))/(-1)?
8
Suppose 0 = 71*h - 70*h - m - 40191, 3*h - 1205